{"id":4665,"date":"2023-08-12T10:15:16","date_gmt":"2023-08-12T10:15:16","guid":{"rendered":"https:\/\/xopdantuong3dsaigon.com\/?post_type=product&#038;p=4665"},"modified":"2024-04-02T10:04:28","modified_gmt":"2024-04-02T03:04:28","slug":"xop-van-go-tu-cau","status":"publish","type":"product","link":"https:\/\/xopdantuong3dsaigon.com\/index.php\/product\/xop-van-go-tu-cau\/","title":{"rendered":"X\u1ed0P V\u00c2N G\u1ed6 T\u00da C\u1ea6U"},"content":{"rendered":"<p>X\u1ed1p 3D gi\u1ea3 v\u00e2n g\u1ed7 ng\u00e0y c\u00e0ng nh\u1eadn \u0111\u01b0\u1ee3c nhi\u1ec1u s\u1ef1 quan t\u00e2m c\u1ee7a kh\u00e1ch h\u00e0ng h\u01a1n kh\u00f4ng ch\u1ec9 v\u1ec1 t\u00ednh th\u1ea9m m\u1ef9 m\u00e0 c\u00f2n kh\u00e1 h\u1ee3p v\u1edbi thi\u1ebft k\u1ebf hi\u1ec7n \u0111\u1ea1i. Khi b\u01b0\u1edbc v\u00e0o m\u1ed9t kh\u00f4ng gian \u0111\u01b0\u1ee3c trang tr\u00ed b\u1edfi m\u1eabu thi\u1ebft k\u1ebf x\u1ed1p d\u00e1n 3d gi\u1ea3 g\u1ed7 s\u1ebd ph\u1ea7n n\u00e0o to\u00e1t l\u00ean m\u1ed9t v\u1ebb \u0111\u1eb9p sang tr\u1ecdng, \u0111\u1eb3ng c\u1ea5p b\u00ean trong m\u1ed9t c\u0103n nh\u00e0 mang phong c\u00e1ch hi\u1ec7n \u0111\u1ea1i.<\/p>\n<p>K\u00edch th\u01b0\u1edbc: r\u1ed9ng 70cm x d\u00e0i 77cm = 0.54m2 (1m2 = 2 t\u1ea5m)<\/p>\n<p>\u0110\u1ed9 d\u00e0y: 5mm<\/p>\n<p>\u0110\u1ed9 b\u1ec1n : 5-10 n\u0103m<\/p>\n<p> X\u1ed1p d\u00e1n t\u01b0\u1eddng 3d v\u1edbi \u0111\u1eb7c t\u00ednh c\u00e1ch \u00e2m, c\u00e1ch nhi\u1ec7t, ch\u1ed1ng \u1ea9m c\u1ef1c t\u1ed1t l\u00e0 gi\u1ea3i ph\u00e1p trang tr\u00ed nh\u00e0 c\u1eeda t\u1ed1t nh\u1ea5t hi\u1ec7n nay, gi\u00fap c\u1ea3i t\u1ea1o c\u00e1c kh\u00f4ng gian c\u0169 v\u00e0 mang \u0111\u1ebfn m\u1ed9t kh\u00f4ng gian s\u1ed1ng \u0111\u1ed9c \u0111\u00e1o cho c\u0103n nh\u00e0 c\u1ee7a b\u1ea1n. \u0110\u1eb7c bi\u1ec7t, t\u1ea5m x\u1ed1p d\u00e1n t\u01b0\u1eddng 3d r\u1ea5t th\u00edch h\u1ee3p thi c\u00f4ng trang tr\u00ed c\u1ea3i t\u1ea1o t\u01b0\u1eddng c\u0169, t\u01b0\u1eddng \u1ea9m m\u1ed1c bong tr\u00f3c, t\u01b0\u1eddng v\u00e1ch xi m\u0103ng, t\u1ea5m th\u1ea1ch cao, ki\u1ebfng, g\u1ed7\u2026thay cho gi\u1ea5y d\u00e1n t\u01b0\u1eddng d\u1ec5 h\u01b0 h\u1ea1i hay vi\u1ec7c s\u01a1n t\u01b0\u1eddng r\u1ea5t ph\u1ee9c t\u1ea1p v\u00e0 b\u1ee5i b\u1ea9n.<\/p>\n<p> N\u1ebfu c\u00e1c b\u1ea1n mu\u1ed1n \u1ed1p g\u1ed7 cho t\u01b0\u1eddng nh\u00e0, ph\u00f2ng, shop m\u00e0 g\u1eb7p ph\u1ea3i v\u1ea5n \u0111\u1ec1 chi ph\u00ed qu\u00e1 l\u1edbn th\u00ec h\u00e3y t\u00ecm \u0111\u1ebfn ngay mi\u1ebfng x\u1ed1p gi\u1ea3 g\u1ed7. M\u1eabu x\u1ed1p n\u00e0y c\u00f3 t\u00ednh \u1ee9ng d\u1ee5ng r\u1ea5t cao c\u00f3 th\u1ec3 s\u1eed d\u1ee5ng r\u1ed9ng r\u00e3i c\u1ea3 cho nh\u00e0 \u1edf, v\u0103n ph\u00f2ng \u0111\u1ebfn c\u00e1c c\u1eeda h\u00e0ng, qu\u00e1n x\u00e1.<\/p>\n<p>Hi\u1ec7n nay, b\u00ean c\u1ea1nh gi\u1ea5y d\u00e1n t\u01b0\u1eddng h\u1ecda ti\u1ebft v\u00e2n g\u1ed7 th\u00ec s\u1ea3n ph\u1ea9m x\u1ed1p m\u00e0u g\u1ed7 c\u0169ng \u0111ang \u0111\u01b0\u1ee3c r\u1ea5t nhi\u1ec1u kh\u00e1ch h\u00e0ng l\u1ef1a ch\u1ecdn m\u1ed7i khi c\u00f3 nhu c\u1ea7u trang tr\u00ed nh\u00e0 \u1edf. V\u1edbi nh\u1eefng h\u1ecda ti\u1ebft h\u00ecnh v\u00e2n g\u1ed7 c\u00f3 n\u00e9t s\u00e1ng t\u1ea1o, ph\u00e1 c\u00e1ch \u0111\u00e3 g\u00f3p ph\u1ea7n t\u1ea1o n\u00ean v\u1ebb \u0111\u1ed9c \u0111\u00e1o, m\u1edbi l\u1ea1 cho c\u0103n nh\u00e0.<\/p>\n<p>     X\u1ed1p gi\u1ea3 v\u00e2n g\u1ed7 ng\u00e0y c\u00e0ng nh\u1eadn \u0111\u01b0\u1ee3c nhi\u1ec1u s\u1ef1 quan t\u00e2m c\u1ee7a kh\u00e1ch h\u00e0ng h\u01a1n kh\u00f4ng ch\u1ec9 v\u1ec1 t\u00ednh th\u1ea9m m\u1ef9 m\u00e0 c\u00f2n kh\u00e1 h\u1ee3p v\u1edbi thi\u1ebft k\u1ebf hi\u1ec7n \u0111\u1ea1i. Khi b\u01b0\u1edbc v\u00e0o m\u1ed9t kh\u00f4ng gian \u0111\u01b0\u1ee3c trang tr\u00ed b\u1edfi m\u1eabu thi\u1ebft k\u1ebf x\u1ed1p d\u00e1n 3d gi\u1ea3 g\u1ed7 s\u1ebd ph\u1ea7n n\u00e0o to\u00e1t l\u00ean m\u1ed9t v\u1ebb \u0111\u1eb9p sang tr\u1ecdng, \u0111\u1eb3ng c\u1ea5p b\u00ean trong m\u1ed9t c\u0103n nh\u00e0 mang phong c\u00e1ch hi\u1ec7n \u0111\u1ea1i.<\/p>\n<p>S\u1ea3n ph\u1ea9m x\u1ed1p d\u00e1n t\u01b0\u1eddng 3d gi\u1ea3 g\u1ed7 v\u1edbi nhi\u1ec1u m\u1eabu m\u00e3, ki\u1ec3u d\u00e1ng kh\u00e1c nhau ph\u00f9 h\u1ee3p v\u1edbi nhi\u1ec1u kh\u00f4ng gian trong ng\u00f4i nh\u00e0 c\u1ee7a b\u1ea1n. Ngo\u00e0i m\u00e0u g\u1ed7 t\u1ef1 nhi\u00ean, m\u1eabu x\u1ed1p n\u00e0y c\u00f2n c\u00f3 s\u1ef1 ph\u00e1 c\u00e1ch trong m\u00e0u s\u1eafc v\u1edbi nhi\u1ec1u m\u00e0u s\u1eafc kh\u00e1c nh\u01b0: n\u00e2u \u0111\u1eadm, x\u00e1m, tr\u1eafng v\u1edbi c\u00e1c h\u1ecda ti\u1ebft \u0111\u01b0\u1eddng v\u00e2n \u0111\u1ed9c \u0111\u00e1o, s\u00e1ng t\u1ea1o.<\/p>\n<p>\u1ee8ng d\u1ee5ng ti\u00eau bi\u1ec3u c\u1ee7a x\u1ed1p d\u00e1n t\u01b0\u1eddng 3d gi\u1ea3 g\u1ed7:<\/p>\n<p>-X\u1ed1p d\u00e1n t\u01b0\u1eddng ch\u1ed1ng n\u00f3ng,c\u00e1ch nhi\u1ec7t t\u01b0\u1eddng nh\u00e0 r\u1ea5t hi\u1ec7u qu\u1ea3.<br \/>\n-Trang tr\u00ed \u1ed1p t\u01b0\u1eddng c\u00e1c tr\u01b0\u1eddng h\u1ecdc m\u1eabu gi\u00e1o, l\u1edbp h\u1ecdc, gi\u1ea3ng \u0111\u01b0\u1eddng \u2026 n\u01a1i c\u00f3 nhi\u1ec1u ti\u1ebfng \u1ed3n.<br \/>\n-V\u0103n ph\u00f2ng l\u00e0m vi\u1ec7c, c\u00f4ng s\u1edf, ph\u00f2ng h\u1ecdp \u2026<br \/>\n-Ph\u00f2ng kh\u00e1ch gia \u0111\u00ecnh, ph\u00f2ng nghe nh\u1ea1c \u2026<br \/>\n-C\u00e1c ph\u00f2ng karaoke, h\u1ed9i tr\u01b0\u1eddng, thu \u00e2m, r\u1ea1p h\u00e1t, ph\u00f2ng chi\u1ebfu phim \u2026<br \/>\n-Nh\u00e0 h\u00e0ng, trung t\u00e2m ti\u1ec7c c\u01b0\u1edbi \u2026<br \/>\n-Trang tr\u00ed c\u00e1c c\u1eeda h\u00e0ng showroom \u2026<br \/>\n-T\u1ea1o n\u1ec1n l\u00e0m backdrop \u2026<br \/>\n-V\u00e0 nhi\u1ec1u \u1ee9ng d\u1ee5ng trang tr\u00ed kh\u00e1c \u2026<\/p>\n<p>Gi\u00e1 s\u1ea3n ph\u1ea9m tr\u00ean Tiki \u0111\u00e3 bao g\u1ed3m thu\u1ebf theo lu\u1eadt hi\u1ec7n h\u00e0nh. B\u00ean c\u1ea1nh \u0111\u00f3, tu\u1ef3 v\u00e0o lo\u1ea1i s\u1ea3n ph\u1ea9m, h\u00ecnh th\u1ee9c v\u00e0 \u0111\u1ecba ch\u1ec9 giao h\u00e0ng m\u00e0 c\u00f3 th\u1ec3 ph\u00e1t sinh th\u00eam chi ph\u00ed kh\u00e1c nh\u01b0 ph\u00ed v\u1eadn chuy\u1ec3n, ph\u1ee5 ph\u00ed h\u00e0ng c\u1ed3ng k\u1ec1nh, thu\u1ebf nh\u1eadp kh\u1ea9u (\u0111\u1ed1i v\u1edbi \u0111\u01a1n h\u00e0ng giao t\u1eeb n\u01b0\u1edbc ngo\u00e0i c\u00f3 gi\u00e1 tr\u1ecb tr\u00ean 1 tri\u1ec7u \u0111\u1ed3ng)&#8230;..<\/p>\n","protected":false},"excerpt":{"rendered":"<p>K\u00edch th\u01b0\u1edbc: r\u1ed9ng 70cm x d\u00e0i 77cm = 0.54m2 (1m2 = 2 t\u1ea5m)<\/p>\n<p>\u0110\u1ed9 d\u00e0y: 5mm<\/p>\n<p>\u0110\u1ed9 b\u1ec1n : 5-10 n\u0103m<\/p>\n","protected":false},"featured_media":4666,"comment_status":"open","ping_status":"closed","template":"","meta":[],"product_cat":[88],"product_tag":[99,96,108,103,107],"class_list":{"0":"post-4665","1":"product","2":"type-product","3":"status-publish","4":"has-post-thumbnail","6":"product_cat-gia-go","7":"product_tag-giaydantuong","8":"product_tag-xopdantuong","9":"product_tag-xopgiago","10":"product_tag-xopgiare","11":"product_tag-xopvango","13":"first","14":"instock","15":"sale","16":"taxable","17":"shipping-taxable","18":"purchasable","19":"product-type-simple","20":"col-xs-6 col-sm-4","21":"col-md-3 col-lg-3","22":"un-4-cols"},"_links":{"self":[{"href":"https:\/\/xopdantuong3dsaigon.com\/index.php\/wp-json\/wp\/v2\/product\/4665","targetHints":{"allow":["GET"]}}],"collection":[{"href":"https:\/\/xopdantuong3dsaigon.com\/index.php\/wp-json\/wp\/v2\/product"}],"about":[{"href":"https:\/\/xopdantuong3dsaigon.com\/index.php\/wp-json\/wp\/v2\/types\/product"}],"replies":[{"embeddable":true,"href":"https:\/\/xopdantuong3dsaigon.com\/index.php\/wp-json\/wp\/v2\/comments?post=4665"}],"wp:featuredmedia":[{"embeddable":true,"href":"https:\/\/xopdantuong3dsaigon.com\/index.php\/wp-json\/wp\/v2\/media\/4666"}],"wp:attachment":[{"href":"https:\/\/xopdantuong3dsaigon.com\/index.php\/wp-json\/wp\/v2\/media?parent=4665"}],"wp:term":[{"taxonomy":"product_cat","embeddable":true,"href":"https:\/\/xopdantuong3dsaigon.com\/index.php\/wp-json\/wp\/v2\/product_cat?post=4665"},{"taxonomy":"product_tag","embeddable":true,"href":"https:\/\/xopdantuong3dsaigon.com\/index.php\/wp-json\/wp\/v2\/product_tag?post=4665"}],"curies":[{"name":"wp","href":"https:\/\/api.w.org\/{rel}","templated":true}]}}